{"id":6911,"date":"2026-01-14T10:28:12","date_gmt":"2026-01-14T09:28:12","guid":{"rendered":"https:\/\/legrain.tribalt.agency\/?page_id=6911"},"modified":"2026-03-23T09:31:18","modified_gmt":"2026-03-23T08:31:18","slug":"devenir-membres","status":"publish","type":"page","link":"https:\/\/legrain.tribalt.agency\/?page_id=6911","title":{"rendered":"Devenir membres"},"content":{"rendered":"\t\t<div data-elementor-type=\"wp-page\" data-elementor-id=\"6911\" class=\"elementor elementor-6911\" data-elementor-post-type=\"page\">\n\t\t\t\t<div class=\"elementor-element elementor-element-ca3986b e-flex e-con-boxed e-con e-parent\" data-id=\"ca3986b\" data-element_type=\"container\" data-e-type=\"container\">\n\t\t\t\t\t<div class=\"e-con-inner\">\n\t\t<div class=\"elementor-element elementor-element-9dc8f0a e-con-full e-flex e-con e-child\" data-id=\"9dc8f0a\" data-element_type=\"container\" data-e-type=\"container\">\n\t\t\t\t<div class=\"elementor-element elementor-element-192afd3 elementor-widget elementor-widget-qi_addons_for_elementor_section_title\" data-id=\"192afd3\" data-element_type=\"widget\" data-e-type=\"widget\" data-widget_type=\"qi_addons_for_elementor_section_title.default\">\n\t\t\t\t<div class=\"elementor-widget-container\">\n\t\t\t\t\t<div class=\"qodef-shortcode qodef-m qodef-qi-section-title qodef-decoration--italic qodef-link--underline-draw qodef-subtitle-icon--left\">\n\t\t\t\t\t\t<h2 class=\"qodef-m-title\">\n\t\tDEVENIR MEMBRE\t<\/h2>\n\t\t\t<div class=\"qodef-m-text\"><p>Rejoindre le Club de l\u2019Audace permet de participer \u00e0 des rencontres r\u00e9guli\u00e8res\u00a0r\u00e9unissant dirigeants, entrepreneurs, acteurs du secteur public, journalistes, sportifs et personnalit\u00e9s du monde de la culture, dans un esprit de confiance, de r\u00e9flexion partag\u00e9e et d\u2019action collective.<\/p><p>Le Club propose plusieurs formules d\u2019adh\u00e9sion, afin de permettre \u00e0 chacun de s\u2019engager selon ses centres d\u2019int\u00e9r\u00eat et les cercles auxquels il souhaite prendre part.<\/p><p>L\u2019ensemble des adh\u00e9sions au Club de l\u2019Audace est strictement nominatif.<\/p><\/div>\n\t<\/div>\n\t\t\t\t<\/div>\n\t\t\t\t<\/div>\n\t\t\t\t<\/div>\n\t\t\t\t\t<\/div>\n\t\t\t\t<\/div>\n\t\t<div class=\"elementor-element elementor-element-b60f196 e-flex e-con-boxed e-con e-parent\" data-id=\"b60f196\" data-element_type=\"container\" data-e-type=\"container\">\n\t\t\t\t\t<div class=\"e-con-inner\">\n\t\t<div class=\"elementor-element elementor-element-0097f34 e-con-full e-flex e-con e-child\" data-id=\"0097f34\" data-element_type=\"container\" data-e-type=\"container\">\n\t\t\t\t<div class=\"elementor-element elementor-element-0b44b3c elementor-widget elementor-widget-text-editor\" data-id=\"0b44b3c\" data-element_type=\"widget\" data-e-type=\"widget\" data-widget_type=\"text-editor.default\">\n\t\t\t\t\t\t\t\t\t<p><span style=\"text-decoration: underline;\"><strong>Membre du Club de l\u2019Audace<\/strong><\/span><\/p><p>L\u2019adh\u00e9sion au Club de l\u2019Audace permet de participer \u00e0 dix rencontres par an, comprenant :<\/p><ul data-end=\"1226\" data-start=\"1100\"><li>huit petits-d\u00e9jeuners\u00a0du Club,<\/li><li>deux \u00e9v\u00e9nements\u00a0organis\u00e9s dans le cadre du Cercle Sport et Entreprise.<\/li><\/ul><p>Montant de l\u2019adh\u00e9sion annuelle\u00a0: 900 \u20ac HT, soit 1 080 \u20ac TTC.<\/p><p><span style=\"text-decoration: underline;\"><strong>Membre du Cercle des D\u00e9cideurs<\/strong><\/span><\/p><p>L\u2019adh\u00e9sion au Cercle des D\u00e9cideurs\u00a0se fait exclusivement par cooptation, sur recommandation de deux membres du Cercle.<br \/>Elle permet de participer \u00e0 deux \u00e9v\u00e9nements par an, r\u00e9unissant des personnalit\u00e9s du monde \u00e9conomique engag\u00e9es et attentives aux enjeux humains.<\/p><p>Montant de l\u2019adh\u00e9sion annuelle\u00a0: 600 \u20ac HT, soit 720 \u20ac TTC.<\/p><p><span style=\"text-decoration: underline;\"><strong>Membre du Cercle RH<\/strong><\/span><\/p><p>R\u00e9serv\u00e9e aux DRH et RRH, cette formule donne acc\u00e8s \u00e0 deux\u00a0\u00e9v\u00e9nements par an, organis\u00e9s autour de personnalit\u00e9s reconnues du monde des ressources humaines, dans un cadre propice \u00e0 l\u2019\u00e9change entre pairs.<\/p><p>Montant de l\u2019adh\u00e9sion annuelle\u00a0: 200 \u20ac HT, soit 240 \u20ac TTC.<\/p><p><span style=\"text-decoration: underline;\"><strong>Membre du Cercle Sport et Entreprise<\/strong><\/span><\/p><p>Cette formule s\u2019adresse aux personnes souhaitant approfondir les enjeux du sport de haut niveau et du sport business.<br \/>Elle donne acc\u00e8s \u00e0 deux \u00e9v\u00e9nements par an, r\u00e9unissant des sportifs de haut niveau et des dirigeants du secteur du sport.<\/p><p>Montant de l\u2019adh\u00e9sion annuelle\u00a0:\u00a0200 \u20ac HT, soit 240 \u20ac TTC.<\/p><p><span style=\"text-decoration: underline;\"><strong>Membre du Cercle de l\u2019Audace en Pays de Grasse<\/strong><\/span><\/p><p>Cette adh\u00e9sion permet de participer \u00e0 deux \u00e9v\u00e9nements par an, organis\u00e9s \u00e0 Grasse, r\u00e9unissant des acteurs \u00e9conomiques et institutionnels du territoire autour d\u2019une personnalit\u00e9 reconnue, intervenant sur un sujet d\u2019actualit\u00e9.<\/p><p>Montant de l\u2019adh\u00e9sion annuelle\u00a0:\u00a0250 \u20ac HT, soit 300 \u20ac TTC.<\/p><p>\u00a0<\/p><p>\u00a0<\/p><p><strong>Rejoindre le Club de l\u2019Audace, c\u2019est faire le choix de la rencontre, du dialogue et de l\u2019action.<\/strong><\/p>\t\t\t\t\t\t\t\t<\/div>\n\t\t<div class=\"elementor-element elementor-element-2077888 e-con-full e-flex e-con e-child\" data-id=\"2077888\" data-element_type=\"container\" data-e-type=\"container\">\n\t\t\t\t<div class=\"elementor-element elementor-element-c5f584e elementor-widget elementor-widget-tadao_core_button\" data-id=\"c5f584e\" data-element_type=\"widget\" data-e-type=\"widget\" data-widget_type=\"tadao_core_button.default\">\n\t\t\t\t<div class=\"elementor-widget-container\">\n\t\t\t\t\t<a class=\"qodef-shortcode qodef-m qodef-button qodef-layout--filled qodef-html--link\" href=\"\" target=\"_self\"  >\n\t<span class=\"qodef-m-text\">Adh\u00e9rer en ligne<\/span>\n<\/a>\n\t\t\t\t<\/div>\n\t\t\t\t<\/div>\n\t\t\t\t<div class=\"elementor-element elementor-element-6d80d43 elementor-widget elementor-widget-tadao_core_button\" data-id=\"6d80d43\" data-element_type=\"widget\" data-e-type=\"widget\" data-widget_type=\"tadao_core_button.default\">\n\t\t\t\t<div class=\"elementor-widget-container\">\n\t\t\t\t\t<a class=\"qodef-shortcode qodef-m qodef-button qodef-layout--filled qodef-html--link\" href=\"\" target=\"_self\"  >\n\t<span class=\"qodef-m-text\">T\u00e9l\u00e9charger le formulaire d&#039;adh\u00e9sion<\/span>\n<\/a>\n\t\t\t\t<\/div>\n\t\t\t\t<\/div>\n\t\t\t\t<\/div>\n\t\t\t\t<\/div>\n\t\t<div class=\"elementor-element elementor-element-e5a590a e-con-full e-flex e-con e-child\" data-id=\"e5a590a\" data-element_type=\"container\" data-e-type=\"container\">\n\t\t\t\t<div class=\"elementor-element elementor-element-db230c7 elementor-widget elementor-widget-qi_addons_for_elementor_section_title\" data-id=\"db230c7\" data-element_type=\"widget\" data-e-type=\"widget\" data-widget_type=\"qi_addons_for_elementor_section_title.default\">\n\t\t\t\t<div class=\"elementor-widget-container\">\n\t\t\t\t\t<div class=\"qodef-shortcode qodef-m qodef-qi-section-title qodef-decoration--italic qodef-link--underline-draw qodef-subtitle-icon--left\">\n\t\t\t\t\t\t<h2 class=\"qodef-m-title\">\n\t\tDECOUVRIR LE CLUB\t<\/h2>\n\t\t\t<div class=\"qodef-m-text\"><p>Participer \u00e0 l\u2019un de nos \u00e9v\u00e9nements est la meilleure mani\u00e8re de d\u00e9couvrir l\u2019esprit du Club de l\u2019Audace et d\u2019envisager, le cas \u00e9ch\u00e9ant, de le rejoindre.<\/p><\/div>\n\t<\/div>\n\t\t\t\t<\/div>\n\t\t\t\t<\/div>\n\t\t\t\t<div class=\"elementor-element elementor-element-a940a92 elementor-widget elementor-widget-tadao_core_button\" data-id=\"a940a92\" data-element_type=\"widget\" data-e-type=\"widget\" data-widget_type=\"tadao_core_button.default\">\n\t\t\t\t<div class=\"elementor-widget-container\">\n\t\t\t\t\t<a class=\"qodef-shortcode qodef-m qodef-button qodef-layout--filled qodef-html--link\" href=\"\" target=\"_self\"  >\n\t<span class=\"qodef-m-text\">Participer \u00e0 un \u00e9v\u00e9nement<\/span>\n<\/a>\n\t\t\t\t<\/div>\n\t\t\t\t<\/div>\n\t\t\t\t<div class=\"elementor-element elementor-element-44277b9 elementor-widget elementor-widget-tadao_core_button\" data-id=\"44277b9\" data-element_type=\"widget\" data-e-type=\"widget\" data-widget_type=\"tadao_core_button.default\">\n\t\t\t\t<div class=\"elementor-widget-container\">\n\t\t\t\t\t<a class=\"qodef-shortcode qodef-m qodef-button qodef-layout--filled qodef-html--link\" href=\"\" target=\"_self\"  >\n\t<span class=\"qodef-m-text\">T\u00e9l\u00e9charger le formulaire d&#039;inscription<\/span>\n<\/a>\n\t\t\t\t<\/div>\n\t\t\t\t<\/div>\n\t\t<div class=\"elementor-element elementor-element-ed8bcd9 e-con-full e-flex e-con e-child\" data-id=\"ed8bcd9\" data-element_type=\"container\" data-e-type=\"container\">\n\t\t\t\t<\/div>\n\t\t\t\t<div class=\"elementor-element elementor-element-5fb4512 elementor-widget elementor-widget-image\" data-id=\"5fb4512\" data-element_type=\"widget\" data-e-type=\"widget\" data-widget_type=\"image.default\">\n\t\t\t\t\t\t\t\t\t\t\t\t\t\t\t<img fetchpriority=\"high\" decoding=\"async\" width=\"1024\" height=\"576\" src=\"https:\/\/legrain.tribalt.agency\/wp-content\/uploads\/revslider\/home-8\/h8-image-7-1024x576.jpg\" class=\"attachment-large size-large wp-image-6743\" alt=\"\" srcset=\"https:\/\/legrain.tribalt.agency\/wp-content\/uploads\/revslider\/home-8\/h8-image-7-1024x576.jpg 1024w, https:\/\/legrain.tribalt.agency\/wp-content\/uploads\/revslider\/home-8\/h8-image-7-300x169.jpg 300w, https:\/\/legrain.tribalt.agency\/wp-content\/uploads\/revslider\/home-8\/h8-image-7-768x432.jpg 768w, https:\/\/legrain.tribalt.agency\/wp-content\/uploads\/revslider\/home-8\/h8-image-7-1536x864.jpg 1536w, https:\/\/legrain.tribalt.agency\/wp-content\/uploads\/revslider\/home-8\/h8-image-7-600x338.jpg 600w, https:\/\/legrain.tribalt.agency\/wp-content\/uploads\/revslider\/home-8\/h8-image-7.jpg 1920w\" sizes=\"(max-width: 1024px) 100vw, 1024px\" \/>\t\t\t\t\t\t\t\t\t\t\t\t\t\t\t<\/div>\n\t\t\t\t<\/div>\n\t\t\t\t\t<\/div>\n\t\t\t\t<\/div>\n\t\t\t\t<\/div>\n\t\t","protected":false},"excerpt":{"rendered":"<p>DEVENIR MEMBRE Rejoindre le Club de l\u2019Audace permet de participer \u00e0 des rencontres r\u00e9guli\u00e8res\u00a0r\u00e9unissant dirigeants, entrepreneurs, acteurs du secteur public, journalistes, sportifs et personnalit\u00e9s du monde de la culture, dans un esprit de confiance, de r\u00e9flexion partag\u00e9e et d\u2019action collective. Le Club propose plusieurs formules d\u2019adh\u00e9sion, afin de permettre \u00e0 chacun de s\u2019engager selon ses [&hellip;]<\/p>\n","protected":false},"author":1,"featured_media":0,"parent":0,"menu_order":0,"comment_status":"closed","ping_status":"closed","template":"","meta":{"_acf_changed":false,"footnotes":""},"class_list":["post-6911","page","type-page","status-publish","hentry"],"acf":[],"_links":{"self":[{"href":"https:\/\/legrain.tribalt.agency\/index.php?rest_route=\/wp\/v2\/pages\/6911","targetHints":{"allow":["GET"]}}],"collection":[{"href":"https:\/\/legrain.tribalt.agency\/index.php?rest_route=\/wp\/v2\/pages"}],"about":[{"href":"https:\/\/legrain.tribalt.agency\/index.php?rest_route=\/wp\/v2\/types\/page"}],"author":[{"embeddable":true,"href":"https:\/\/legrain.tribalt.agency\/index.php?rest_route=\/wp\/v2\/users\/1"}],"replies":[{"embeddable":true,"href":"https:\/\/legrain.tribalt.agency\/index.php?rest_route=%2Fwp%2Fv2%2Fcomments&post=6911"}],"version-history":[{"count":59,"href":"https:\/\/legrain.tribalt.agency\/index.php?rest_route=\/wp\/v2\/pages\/6911\/revisions"}],"predecessor-version":[{"id":47848,"href":"https:\/\/legrain.tribalt.agency\/index.php?rest_route=\/wp\/v2\/pages\/6911\/revisions\/47848"}],"wp:attachment":[{"href":"https:\/\/legrain.tribalt.agency\/index.php?rest_route=%2Fwp%2Fv2%2Fmedia&parent=6911"}],"curies":[{"name":"wp","href":"https:\/\/api.w.org\/{rel}","templated":true}]}}